factors of w?
7
Let t = 37 - 85. Let a be 16/72 - t/27. What are the prime factors of a*(125/(-20))/((-1)/2)?
5
Suppose 160*w = 2*f + 164*w - 43800, -5*f + w + 109423 = 0. List the prime factors of f.
2, 31, 353
Suppose -5*s + 19 = 9. Suppose -t - 16 = -2*x - s*t, -4*t - 6 = x. Suppose -x*h = -5*h - 155. List the prime factors of h.
31
Suppose 660*o + 15805 = 664*o + 5*k, -4*o + 4*k = -15760. What are the prime factors of o?
3, 5, 263
Let b be (8/(-5))/(-6 + (-1036)/(-175)). Let s(j) = 20*j - 53. List the prime factors of s(b).
347
What are the prime factors of (-4)/(-2)*(-1247)/(-58)*489?
3, 43, 163
Let t be (-100)/(-12) - 7/(21/(-2)). Let w(n) = 24*n + 18. List the prime factors of w(t).
2, 3, 13
Let l be (5 - 0)*(-54)/2. Suppose 4*k - 722 - 106 = 0. Let m = k + l. What are the prime factors of m?
2, 3
Let r be (2/(-8))/((-2)/248). Suppose 63 = 5*f + 2*q + 2*q, -r = -3*f + q. Suppose -f*s = -10*s - 42. List the prime factors of s.
2, 3, 7
Suppose 2*l + 2*l - 16 = 0. Suppose 6*k + l*k - 20 = 0. Suppose 0 = j - 5*m - 257, -5*m - 55 = -k*j + 469. List the prime factors of j.
3, 89
Let r = 2375 + -1396. Let q = r - 179. List the prime factors of q.
2, 5
List the prime factors of 6 + (-72)/8 + 12668.
5, 17, 149
Let p = 4 - -66. Let h = p - 55. What are the prime factors of 1572/h + 2/20*2?
3, 5, 7
Suppose 4*c + c - 11 = -w, -2*w - 5*c = -7. Let u(v) be the first derivative of -v**4/2 - 4*v**3/3 - 11*v**2/2 - 6*v + 5. List the prime factors of u(w).
2, 3, 17
What are the prime factors of -30*(-10)/60 + 1584?
7, 227
Let h(m) = -m**3 - 21*m**2 - m + 14827. What are the prime factors of h(0)?
14827
Let b = 922 - 521. Suppose 14*w - b - 369 = 0. Let v = w - -44. What are the prime factors of v?
3, 11
Let x(g) = -g**3 + 2*g**2 - 6*g + 6. Let v be x(2). Let z(p) = -3*p - 2. Let w be z(v). Let f(m) = -m + 34. What are the prime factors of f(w)?
2, 3
Suppose 0 = -3*h + 4*b + 9787 + 10975, b = 1. List the prime factors of h.
2, 3461
Suppose -4*c = 785 - 2141. Let k = 482 - c. List the prime factors of k.
11, 13
Suppose 0 = -2*r + c + 1956, -21*r = -16*r + 3*c - 4923. List the prime factors of r.
3, 109
Let s be (-6)/(18/3) + (8 - 2). What are the prime factors of 3*(s/15 - 1) + 106?
2, 13
Suppose -2*g - 5*k = 2*g + 221, 268 = -5*g + 2*k. Let a be (-1)/(6/(-4) - 79/g). Let c = -22 + a. What are the prime factors of c?
5
Suppose 14*s - 210 = 11*s. Suppose 2*c = 2*n + 3*n - 176, c + s = 2*n. Suppose n*b - 32*b = 116. What are the prime factors of b?
29
Let b = 262 + -259. Suppose 2240 = 23*o - b*o. List the prime factors of o.
2, 7
Let n be 17/(51/10446)*(-2)/(-4). Suppose 4*p - n = -381. List the prime factors of p.
2, 5, 17
Let h = 154 + -154. List the prime factors of (h + 6/9)/((-2)/(-468)).
2, 3, 13
Suppose -4*x = -6*x + 8, w + 2*x + 965 = 0. Let r = w - -1737. What are the prime factors of r?
2, 191
Let x be (17/(-2))/((-8)/(-421 - -5)). What are the prime factors of (x/5)/(1 - 6/5)?
2, 13, 17
Let x(r) = 157*r**2 + 23*r + 115. List the prime factors of x(13).
26947
Let m(w) = 29*w**3 + 8*w - 6. Let d be m(3). Suppose d = -89*t + 92*t. List the prime factors of t.
3, 89
Let a = 50852 + -35799. List the prime factors of a.
15053
Let b = 18054 - 10078. List the prime factors of b.
2, 997
Let w be 2 - 19964/(-63) - 2/(-18). Suppose -228 = -4*r + 2*q + 418, 3*q = -2*r + w. List the prime factors of r.
7, 23
Let u(w) = 5*w + 187. Let x be u(-36). What are the prime factors of 0/x - -1260 - 0/(-2)?
2, 3, 5, 7
Suppose 3*i = -2*q + 12, 5*q + 0*q = 5*i + 55. Let f(o) = o**2 - 7*o - 9. Let g be f(q). Suppose 10*u - 94 = g*u. What are the prime factors of u?
2, 47
Let p(l) be the third derivative of 2*l**5/15 - 13*l**4/24 - 46*l**3/3 + 187*l**2. What are the prime factors of p(-9)?
673
Let l(w) = w**3 + 2*w**2 + 7*w + 25. Let v be (70/(-20))/((-21)/36). List the prime factors of l(v).
5, 71
Suppose 5498 = -3*m + 42274 + 23725. List the prime factors of m.
7, 43, 67
Let n(p) = 5*p**2 - 4*p - 5. Let b be n(2). Suppose 6*a - b*a - 2*i + 280 = 0, 3*a + i = 825. What are the prime factors of a?
2, 137
Suppose -4*q - 930*i = -925*i - 3929, -1967 = -2*q - 3*i. List the prime factors of q.
2, 61
Suppose 5*c - 96166 = 2*y, c + 2*y = -c + 38472. What are the prime factors of c?
2, 59, 163
Let n(q) = 22*q**3 + 6*q + 9. Let k be n(3). Suppose k = -r + 884. What are the prime factors of r?
263
Let b be (-42)/(-63) + 24/(-9). List the prime factors of (-2)/((-7)/(-5453)*b).
19, 41
Suppose -2*v = -14*v - 624. Let a be -4 - v/(16/(-4)). Let p = a + 23. What are the prime factors of p?
2, 3
Let r = 108 - 102. List the prime factors of 958/r*6/8*4.
479
Let d(w) = w**3 - 24*w**2 - 30*w + 129. Let l be d(25). Suppose l*z - 899 = -3*x, 594 = -2*x + 4*x + 4*z. List the prime factors of x.
5, 61
Let w(p) = -43*p - 21. Let f be w(-15). List the prime factors of (114/(-76))/((-2)/f + 0).
2, 3, 13
Let g = 8523 + -5000. List the prime factors of g.
13, 271
Suppose 4*s - 16 = -8. Let o be ((-5)/s*-1)/((-19)/(-76)). Suppose o*d - 231 = 7*d. List the prime factors of d.
7, 11
Suppose -2*v = 6, -5*z - v = -1 + 4. Suppose 5*j = -4*d + 1512, d - 1503 = -5*j - z*j. List the prime factors of j.
2, 3, 5
Let b = -30487 - -83976. List the prime factors of b.
89, 601
Let u(j) = -136*j + 90. Suppose 4*x + 46 - 18 = 0. What are the prime factors of u(x)?
2, 521
Let o(k) = k**2 + 15*k + 57. Let d be o(-31). Suppose 3*c = -u + d, 0*u = 5*c + 3*u - 923. What are the prime factors of c?
2, 23
Suppose 2*z = 24 - 36. Let y(u) = -u**3 - u**2 - u. Let c(l) = 5*l**3 - 5*l**2 + 19*l - 7. Let h(v) = z*y(v) - c(v). List the prime factors of h(-12).
19
Suppose -2*t - a = 2*t + 20, -5*t - 3*a = 25. Let i(s) = -4*s**3 + 4*s + 6. List the prime factors of i(t).
2, 3
Let h(q) be the first derivative of -q**4/4 - 5*q**3/3 - 3*q**2 - 3*q + 13. Let p be h(-4). Suppose p*v - 238 = -28. List the prime factors of v.
2, 3, 7
Let v(w) = -6*w**3 - 302*w**2 + 71*w - 125. What are the prime factors of v(-51)?
2, 3329
Let x = -217 - -420. Suppose -m + x = -2. What are the prime factors of m?
5, 41
Suppose 18 - 13 = 5*k. Suppose -6 = 5*z + 14, 0 = l + z + k. What are the prime factors of 58 + 0*1/l?
2, 29
List the prime factors of 216/180*(((-327078)/12)/(-9) - 1).
3, 7, 173
Let z = 0 - -13. Let i be z*42/4 + 5/10. Suppose -9*r + 8*r + i = 0. What are the prime factors of r?
137
Suppose 7043 = -23*u + 26938. Suppose 0 = s - 469 - u. List the prime factors of s.
2, 23, 29
Suppose -i = -2*i + 4*t + 294, 0 = 5*i + t - 1386. Let b = 478 - i. What are the prime factors of b?
2, 5
Let s be (-2)/13 - (8758/26 + 1). Let t = 790 + s. List the prime factors of t.
2, 113
Let s be -1 + (8 + -5 - -108). Suppose s = t + 5*w, -4*t + 299 + 118 = -3*w. What are the prime factors of t?
3, 5, 7
Let v(s) = s**2 + 8*s - 6. Let u(p) = p**2 + 19*p + 40. Let n be u(-16). Let o be v(n). What are the prime factors of o/((-27)/(-6)*2/(-42))?
2, 7
Let q be 938/7*(-26)/4. Let p = -503 - q. List the prime factors of p.
2, 23
Let r = -109 - -9. Let t = r + 806. List the prime factors of t.
2, 353
Let y be (23/1)/((-5)/(-115)). Suppose -1347 = 4*o + 3*g + 746, -o + 5*g - y = 0. Let v = -310 - o. List the prime factors of v.
2, 107
Let v be 6*(-8 + (-42)/12). What are the prime factors of 8/92 + (-28560)/v?
2, 3, 23
Let y(m) = 180*m**2 - 70*m + 443. List the prime factors of y(5).
3, 1531
Let r = -71858 + 102117. What are the prime factors of r?
30259
Let a(d) = -3*d**3 - d**2 - 2*d - 2. Let z be a(-1). Let c be 0/(3 + -1 + z). Suppose c - 83 = -v. What are the prime factors of v?
83
Suppose 4*r - 1099 = 3*q, -3*r + 2 = -4*r. Let n = q - -709. List the prime factors of n.
2, 5, 17
Suppose -144*t + 1577822 + 892354 = 0. What are the prime factors of t?
2, 3, 953
Let v(a) = -2*a**2 - 3*a + 92. Let k be v(0). Suppose u = -3*u. Suppose u = z - 5*z + k. What are the prime factors of z?
23
Suppose -x = -a + 3, 0 = -4*a - x + 34 - 7. Suppose 0 = -s + h + 126, 11*h - a*h = -5. List the prime factors of s.
5
Let w(n) = 129*n**3 + 2*n**2 + 2*n. Let g(t) = -5*t - 57. Let b be g(-11). Let s be w(b). What are the prime factors of (-4)/18 - s/9?
2, 3, 19
Let o be -4*(50/(-4))/5 - 4. Suppose 21*v = 18*v + o. What are the prime factors of v?
2
Let j be 47/(-282) + (-62)/(-12). 